rd derivative of l**5/60 - l**4/3 + l**3/3 - 2*l**2. Let z be r(8). Suppose -4*w = -z*w - 14. Does 7 divide w?
True
Let n = 216 - 82. Is 11 a factor of n?
False
Let p = 2 - 5. Let j be 40/(-12) - (-2)/p. Does 10 divide 4*-5*2/j?
True
Suppose -6*m = -3*m - 66. Is m a multiple of 6?
False
Suppose -4*m + 4*n = -212, 4*m - 5*n - 140 = 77. Is 16 a factor of m?
True
Let d(v) be the second derivative of 3*v**3/2 - 3*v**2/2 + v. Let w be d(3). Let i = w + -11. Is 13 a factor of i?
True
Suppose 4*x - 2 = 5*k, -k + 0*k = 5*x - 17. Is x/(-21) + (-576)/(-14) a multiple of 9?
False
Let h(n) = -1 + 2*n**2 + 0 - n - n**2. Let v be h(-1). Does 14 divide (-7 + 0/v)*-3?
False
Let x(a) = a**2 + 25. Is x(0) a multiple of 7?
False
Let i = 14 + -7. Suppose -2*s + 1 = -i. Suppose -s*k = -5*j, 2*k + 25 = 7*k. Is j a multiple of 3?
False
Let f(s) = s**3 - 5*s**2 - 5*s - 3. Let v = -6 + 12. Let z be f(v). Suppose -g - 1 + z = 0. Is g a multiple of 2?
True
Let q(m) = m**2 + 4*m. Let r(l) = l**3 - 4*l**2 - 7*l + 5. Let i be (-7)/(-3 - -2) + -2. Let o be r(i). Does 3 divide q(o)?
False
Suppose 2 = g - 0. Is 114/42 - g/(-7) a multiple of 2?
False
Let u(f) be the first derivative of f**4/4 + 3*f**3 + 3*f**2 - 8*f - 2. Is 3 a factor of u(-8)?
False
Suppose 4*o - 60 = -o. Suppose 4*v - y - 219 = -2*y, 0 = 4*y - o. Does 19 divide v?
False
Suppose -2*d - d - 163 = -5*s, 33 = s - d. Is 16 a factor of s?
True
Suppose -3*m - p = -49 - 78, 3*m - p = 131. Let w = -7 + m. Let l = -23 + w. Is l a multiple of 13?
True
Let p = -609 + 883. Does 58 divide p?
False
Suppose 5*s - 5 = 0, 5*m + s = 4*s + 7. Is m/9 - (-208)/36 a multiple of 2?
True
Suppose 0 = -5*b + 8 + 12. Let f(u) = -5*u + b*u + 16*u. Is f(1) a multiple of 15?
True
Is 49/2*132/77 a multiple of 21?
True
Is (-2)/(-4) + 1365/78 even?
True
Let a = -35 + 161. Does 12 divide a?
False
Suppose 3*p - 240 = 3*l, -2*p + 5*l + 244 = p. Does 12 divide p?
False
Let r(b) = b**2 - 5*b - 1. Let p be r(6). Suppose -2*m + p*m = -x - 8, 2*x - 2*m = 0. Is x/4*(-22 + 2) a multiple of 7?
False
Does 12 divide (21*1)/(6/6)?
False
Let s(v) = 2*v + 50. Does 8 divide s(23)?
True
Suppose 175 = 4*s - 65. Is 10 a factor of s?
True
Let b = -153 - -296. Is b a multiple of 13?
True
Suppose -27 = 3*r - 5*r - 3*x, -3*r + 33 = 3*x. Suppose -s + 3 = -r. Is 7 a factor of s?
False
Suppose -12 = -t - 2*t. Is 19 + t/(-1 + 3) a multiple of 20?
False
Let m be (1 - (-1 - -2))/2. Suppose m = -2*r + 10. Suppose 3*w = -0*j + j + 6, 0 = r*j + 3*w - 60. Is 9 a factor of j?
True
Let o be ((-4)/(-14))/((-1)/(-7)). Let i = o + 1. Suppose -4*a - i + 43 = 0. Is 10 a factor of a?
True
Let u be 0 + 1*(6 + -3). Suppose -3*v + 1 = b - 2, u*b + 4*v - 24 = 0. Is b a multiple of 4?
True
Let g(m) = 18*m - 9. Is g(4) a multiple of 21?
True
Let y(d) = -6*d - 126. Is y(-25) a multiple of 8?
True
Let q = 266 - 92. Let x = 290 - q. Suppose 0*p + x = 4*t + 2*p, t + 4*p = 36. Is 10 a factor of t?
False
Let c = 146 + -93. Let j = c + -23. Does 10 divide j?
True
Let a = 164 + -88. Is 21 a factor of a?
False
Let u be 7*((-95)/(-7) - -1). Suppose -x + 191 = -3*f + 4*x, f = -x - 61. Let s = u + f. Does 16 divide s?
False
Let l be 2/(-1) + 4 + 0. Suppose 0 = l*o - 1 + 11, -5*o + 29 = 2*j. Is j a multiple of 9?
True
Let q(f) = f + 12. Let u(j) = -j + 10. Let h be u(10). Is 12 a factor of q(h)?
True
Let b be -8*3/2*-1. Does 13 divide b + (-1)/1*-1?
True
Suppose -11*y - 39 = -12*y. Suppose 0 = -5*p + 159 - y. Does 6 divide p?
True
Suppose 0 = 4*p - 0 - 116. Suppose 3*a - p + 9 = -4*w, -5*w = 20. Is a a multiple of 8?
False
Let d(x) = -x**2 + 10*x + 1. Let i(q) = 9*q + 1. Let o(k) = -5*k + 1. Let w be o(-1). Let m(f) = w*i(f) - 5*d(f). Is 17 a factor of m(-3)?
True
Let o be -236*(2 + -1 + -2). Let j = -155 + o. Is j a multiple of 27?
True
Let p = 119 + -72. Does 21 divide p?
False
Let b(s) = s**3 - s**2 + 3*s - 2. Let w be b(2). Suppose -2*c - w = -3*c. Is 8 a factor of c?
True
Suppose -x = 2*s + 3*x + 10, 0 = 2*s - x + 15. Let j = 12 + s. Suppose 5 = -b - j*w + 44, 2*w = -5*b + 103. Is b a multiple of 11?
False
Suppose r - t = -6*t - 10, -4*r + 5*t = -35. Let v = -4 + r. Suppose 27 = 2*m - v. Is m a multiple of 14?
True
Is ((-6)/2 - -23)*12 a multiple of 39?
False
Let v(w) = -155*w - 8. Let j(c) = 52*c + 3. Let h(l) = -11*j(l) - 4*v(l). Is 20 a factor of h(1)?
False
Let i(q) = q - 1. Let n(o) = -o**2 - 10*o - 14. Let c(y) = i(y) - n(y). Is c(-13) a multiple of 15?
False
Let j(o) be the first derivative of -o**4/4 + 3*o**2/2 - 2*o - 2. Let t be j(-3). Suppose t + 29 = 5*w. Is 6 a factor of w?
False
Let s = -15 - -17. Suppose n = -5*k + s + 44, -5*n + k + 204 = 0. Is 9 a factor of n?
False
Suppose 6 + 9 = 3*c. Let r(f) = f**2 - 4*f - 2. Let w be r(c). Is (0 + -1)/(w/(-33)) a multiple of 11?
True
Suppose 3*k = k + 4*x + 24, -2*k + 3*x + 22 = 0. Suppose 0*l - 2*l + k = 0. Suppose -2*q = -2, 63 = 4*g - l*q + 3*q. Is g a multiple of 5?
False
Let f be 2*-1 - 44/(-1). Suppose -4*k = -k - f. Suppose 0 = -3*b + 3, 83 = 4*a + 5*b + k. Is a a multiple of 16?
True
Let i(w) = -39*w**3 - 2*w**2 - 2*w - 1. Let s = 15 + -16. Is i(s) a multiple of 22?
False
Let p(t) be the first derivative of t**4/4 + 7*t**3/3 + 5*t**2/2 - 7*t - 3. Let u be p(-6). Is 3 a factor of (-3 - u)/(-1) + 1?
True
Let i = 25 - 4. Is i a multiple of 2?
False
Let g = -23 + 38. Let o = g + -5. Does 10 divide o?
True
Suppose 3*y - 2105 - 3814 = 3*d, 5*y = 3*d + 9863. Suppose y = -3*z - 656. Is z/(-20) + (-2)/(-10) a multiple of 22?
True
Let i be -1 + 0 + 6 + -1. Suppose -c = i*c. Is (5 - c)*(-2 + 3) a multiple of 3?
False
Let j be ((-9)/12)/((-1)/156). Let h = j - 75. Is 14 a factor of h?
True
Suppose 16*l - 126 = 13*l. Is l a multiple of 10?
False
Suppose -25 = -5*i, 34 = h - 3*i - 20. Is 6 a factor of h?
False
Let a(j) = 4*j + 4. Is 14 a factor of a(6)?
True
Let v be -1*(2*-1)/(-2). Let w be ((2 - 3) + v)*-2. Does 6 divide 2/1 + 60/w?
False
Suppose -4*b = s + 9 + 1, s = -2*b. Is 11 a factor of (-2 - (-14)/s)*-45?
False
Let r(i) = 5*i**3 - 8*i**2 - 3*i. Let v(g) = 14*g**3 - 23*g**2 - 10*g. Let t = -26 + 15. Let d(z) = t*r(z) + 4*v(z). Is d(6) a multiple of 15?
True
Let m = -14 - 44. Let d = -39 - m. Is d a multiple of 14?
False
Let i = 6 + -6. Suppose i = k - 2 - 18. Is 20 a factor of k?
True
Suppose 0 = -2*u - 3*u - 20. Let k(l) = -8*l + 2. Let t be k(u). Suppose 3*y + 0*y - 4*c - t = 0, y - 11 = c. Is y a multiple of 5?
True
Let u = 33 + 31. Suppose 4*y = -0*y + u. Is 8 a factor of y?
True
Let y(n) = n**3 + 4*n**2 - 1. Let u be y(-4). Let j(d) = 47*d**2 + 2*d + 1. Does 17 divide j(u)?
False
Is (-201)/12*(-4 + 0) a multiple of 22?
False
Suppose -p + 2*p - 42 = 3*t, t = -4*p + 168. Does 21 divide p?
True
Suppose 0 = -2*f - 5*l - 27, -4*l = -4*f - 2*l + 6. Let d = f + 1. Is 6 a factor of -2 + (d - 0) + 14?
True
Suppose -15 = -6*p + 561. Is p a multiple of 16?
True
Suppose 3*q + 2*n - 3 = 0, -5*q + 4*n = -n - 30. Does 3 divide q?
True
Suppose 0 = -3*c - 2*h + 5*h + 33, -5*c - 5*h + 65 = 0. Is c a multiple of 4?
True
Is -1*(0 + (-108 - 0) + 3) a multiple of 4?
False
Let t(q) = 3*q**3 - 6*q**2 + 18*q - 15. Let o(x) = 4*x**3 - 5*x**2 + 19*x - 15. Let s(j) = 4*o(j) - 5*t(j). Does 17 divide s(-11)?
False
Let m = 8 - 12. Let a = 2 + m. Is (1/a)/((-2)/20) a multiple of 5?
True
Suppose -2*y - 1 + 61 = 0. Suppose 0 = 3*r - r - y. Does 8 divide r?
False
Let k(h) = 5*h**2 - 1 - 4*h - 3*h**2 + 6. Is k(3) a multiple of 3?
False
Suppose 115 = -6*u + u + 3*j, -2*u = -j + 46. Let i = 42 + u. Is i a multiple of 11?
False
Suppose 0*t + 40 = 2*t. Is t a multiple of 7?
False
Suppose 2*k + 3*k = 0. Let d be ((-5)/1)/(k + -1). Suppose -4*n = -j - n, -d*n = -10. Is 3 a factor of j?
True
Let l be 1 + (-1 - 4*-1). Let h(x) be the first derivative of x**2 + 5*x + 10. Is h(l) a multiple of 13?
True
Let x = -4 + 5. Does 14 divide (0 - x)*56/(-2)?
True
Let i = -30 - -44. Is i a multiple of 14?
True
Let o(q) = -3*q - 2. Let k be -3*2*6/18. Is 2 a factor of o(k)?
True
Suppose 4*b = b. Suppose 0 = -k + y - b*y + 5, -3*k = -y - 13. Suppose -62 = -2*h - i, -5*i + k = -3*i. Is 15 a factor of h?
True
Let d(b) = b**3 - 8*b**2 - 13*b - 3. Let j be d(10). Let w = j + -129. Let u = -38 - w. Is 12 a factor of u?
True
Let b be 2/(-2) - (6 + -4). Let z = 5 + b. Suppose -3*l = o - 7, 0*o 